{"id":25,"date":"2024-05-07T19:01:01","date_gmt":"2024-05-07T19:01:01","guid":{"rendered":"https:\/\/mexiempack.mx\/?page_id=25"},"modified":"2024-09-12T20:12:41","modified_gmt":"2024-09-12T20:12:41","slug":"quienes-somos","status":"publish","type":"page","link":"https:\/\/mexiempack.mx\/index.php\/quienes-somos\/","title":{"rendered":"\u00bfQui\u00e9nes somos?"},"content":{"rendered":"\t\t<div data-elementor-type=\"wp-page\" data-elementor-id=\"25\" class=\"elementor elementor-25\" data-elementor-post-type=\"page\">\n\t\t\t\t<div class=\"elementor-element elementor-element-30d638dd e-con-full e-flex e-con e-parent\" data-id=\"30d638dd\" data-element_type=\"container\" data-e-type=\"container\" data-settings=\"{&quot;background_background&quot;:&quot;classic&quot;}\">\n\t\t<div class=\"elementor-element elementor-element-336599af e-con-full e-flex e-con e-child\" data-id=\"336599af\" data-element_type=\"container\" data-e-type=\"container\">\n\t\t\t\t<div class=\"elementor-element elementor-element-3e2e5ea8 elementor-widget__width-inherit elementor-widget-divider--view-line elementor-invisible elementor-widget elementor-widget-divider\" data-id=\"3e2e5ea8\" data-element_type=\"widget\" data-e-type=\"widget\" data-settings=\"{&quot;_animation&quot;:&quot;fadeInLeft&quot;}\" data-widget_type=\"divider.default\">\n\t\t\t\t<div class=\"elementor-widget-container\">\n\t\t\t\t\t\t\t<div class=\"elementor-divider\">\n\t\t\t<span class=\"elementor-divider-separator\">\n\t\t\t\t\t\t<\/span>\n\t\t<\/div>\n\t\t\t\t\t\t<\/div>\n\t\t\t\t<\/div>\n\t\t\t\t<div class=\"elementor-element elementor-element-6cb86a93 elementor-widget__width-initial elementor-widget-tablet__width-inherit elementor-widget elementor-widget-heading\" data-id=\"6cb86a93\" data-element_type=\"widget\" data-e-type=\"widget\" data-widget_type=\"heading.default\">\n\t\t\t\t<div class=\"elementor-widget-container\">\n\t\t\t\t\t<h2 class=\"elementor-heading-title elementor-size-default\">hacemos m\u00e1s que cajas<\/h2>\t\t\t\t<\/div>\n\t\t\t\t<\/div>\n\t\t\t\t<div class=\"elementor-element elementor-element-1d657b36 elementor-widget__width-initial elementor-widget-tablet__width-inherit elementor-widget elementor-widget-text-editor\" data-id=\"1d657b36\" data-element_type=\"widget\" data-e-type=\"widget\" data-widget_type=\"text-editor.default\">\n\t\t\t\t<div class=\"elementor-widget-container\">\n\t\t\t\t\t\t\t\t\t<p class=\"p1\">Somos una empresa mexicana dedicada a la FABRICACI\u00d3N de CAJAS DE CART\u00d3N sin impresi\u00f3n o personalizadas, contamos con impresi\u00f3n FLEXOGRAFICA, comercializaci\u00f3n y distribuci\u00f3n de material para empaque y cajas recicladas.<\/p>\t\t\t\t\t\t\t\t<\/div>\n\t\t\t\t<\/div>\n\t\t\t\t<\/div>\n\t\t\t\t<div class=\"elementor-element elementor-element-431c1d52 elementor-widget__width-inherit elementor-invisible elementor-widget elementor-widget-image\" data-id=\"431c1d52\" data-element_type=\"widget\" data-e-type=\"widget\" data-settings=\"{&quot;_animation&quot;:&quot;fadeInUp&quot;}\" data-widget_type=\"image.default\">\n\t\t\t\t<div class=\"elementor-widget-container\">\n\t\t\t\t\t\t\t\t\t\t\t\t\t\t\t<img fetchpriority=\"high\" decoding=\"async\" width=\"1764\" height=\"910\" src=\"https:\/\/mexiempack.mx\/wp-content\/uploads\/2024\/08\/quienes-somos2.jpg\" class=\"attachment-full size-full wp-image-552\" alt=\"\" srcset=\"https:\/\/mexiempack.mx\/wp-content\/uploads\/2024\/08\/quienes-somos2.jpg 1764w, https:\/\/mexiempack.mx\/wp-content\/uploads\/2024\/08\/quienes-somos2-300x155.jpg 300w, https:\/\/mexiempack.mx\/wp-content\/uploads\/2024\/08\/quienes-somos2-1024x528.jpg 1024w, https:\/\/mexiempack.mx\/wp-content\/uploads\/2024\/08\/quienes-somos2-768x396.jpg 768w, https:\/\/mexiempack.mx\/wp-content\/uploads\/2024\/08\/quienes-somos2-1536x792.jpg 1536w\" sizes=\"(max-width: 1764px) 100vw, 1764px\" \/>\t\t\t\t\t\t\t\t\t\t\t\t\t\t\t<\/div>\n\t\t\t\t<\/div>\n\t\t\t\t<\/div>\n\t\t<div class=\"elementor-element elementor-element-4daaee10 e-flex e-con-boxed e-con e-parent\" data-id=\"4daaee10\" data-element_type=\"container\" data-e-type=\"container\" data-settings=\"{&quot;background_background&quot;:&quot;classic&quot;}\">\n\t\t\t\t\t<div class=\"e-con-inner\">\n\t\t<div class=\"elementor-element elementor-element-7e8d12a9 e-con-full e-flex e-con e-child\" data-id=\"7e8d12a9\" data-element_type=\"container\" data-e-type=\"container\">\n\t\t\t\t<div class=\"elementor-element elementor-element-1a1caa55 elementor-invisible elementor-widget elementor-widget-heading\" data-id=\"1a1caa55\" data-element_type=\"widget\" data-e-type=\"widget\" data-settings=\"{&quot;_animation&quot;:&quot;fadeIn&quot;}\" data-widget_type=\"heading.default\">\n\t\t\t\t<div class=\"elementor-widget-container\">\n\t\t\t\t\t<h2 class=\"elementor-heading-title elementor-size-default\">\u00bfPor qu\u00e9 nosotros?<\/h2>\t\t\t\t<\/div>\n\t\t\t\t<\/div>\n\t\t\t\t<div class=\"elementor-element elementor-element-48cff475 elementor-widget elementor-widget-text-editor\" data-id=\"48cff475\" data-element_type=\"widget\" data-e-type=\"widget\" data-widget_type=\"text-editor.default\">\n\t\t\t\t<div class=\"elementor-widget-container\">\n\t\t\t\t\t\t\t\t\t<p class=\"p1\">Nosotros te asesoramos para que encuentres el mejor dise\u00f1o con material de calidad para tu producto.<\/p><p class=\"p1\">Para proporcionarte una cotizaci\u00f3n es importante conocer est\u00e1 informaci\u00f3n:<\/p><p class=\"p2\">\u00a0<\/p><p class=\"p1\">\u00b7 Medidas del empaque<\/p><p class=\"p1\">\u00b7 Resistencia del empaque<\/p><p class=\"p1\">\u00b7 Tipo de flauta<\/p><p class=\"p1\">\u00b7 Color blanco o Kraft<\/p>\t\t\t\t\t\t\t\t<\/div>\n\t\t\t\t<\/div>\n\t\t\t\t<\/div>\n\t\t<div class=\"elementor-element elementor-element-7e785df6 e-con-full e-flex e-con e-child\" data-id=\"7e785df6\" data-element_type=\"container\" data-e-type=\"container\">\n\t\t\t\t<div class=\"elementor-element elementor-element-50a392d1 elementor-widget elementor-widget-image\" data-id=\"50a392d1\" data-element_type=\"widget\" data-e-type=\"widget\" data-widget_type=\"image.default\">\n\t\t\t\t<div class=\"elementor-widget-container\">\n\t\t\t\t\t\t\t\t\t\t\t\t\t\t\t<img decoding=\"async\" width=\"800\" height=\"932\" src=\"https:\/\/mexiempack.mx\/wp-content\/uploads\/2024\/08\/quienes-somos.jpg\" class=\"attachment-large size-large wp-image-551\" alt=\"\" srcset=\"https:\/\/mexiempack.mx\/wp-content\/uploads\/2024\/08\/quienes-somos.jpg 850w, https:\/\/mexiempack.mx\/wp-content\/uploads\/2024\/08\/quienes-somos-258x300.jpg 258w, https:\/\/mexiempack.mx\/wp-content\/uploads\/2024\/08\/quienes-somos-768x894.jpg 768w\" sizes=\"(max-width: 800px) 100vw, 800px\" loading=\"lazy\" \/>\t\t\t\t\t\t\t\t\t\t\t\t\t\t\t<\/div>\n\t\t\t\t<\/div>\n\t\t\t\t<\/div>\n\t\t\t\t\t<\/div>\n\t\t\t\t<\/div>\n\t\t<div class=\"elementor-element elementor-element-1464cfff e-flex e-con-boxed e-con e-parent\" data-id=\"1464cfff\" data-element_type=\"container\" data-e-type=\"container\" data-settings=\"{&quot;background_background&quot;:&quot;classic&quot;}\">\n\t\t\t\t\t<div class=\"e-con-inner\">\n\t\t<div class=\"elementor-element elementor-element-7bb30e35 e-flex e-con-boxed e-con e-child\" data-id=\"7bb30e35\" data-element_type=\"container\" data-e-type=\"container\">\n\t\t\t\t\t<div class=\"e-con-inner\">\n\t\t\t\t<div class=\"elementor-element elementor-element-680db52f animated-slow elementor-invisible elementor-widget elementor-widget-heading\" data-id=\"680db52f\" data-element_type=\"widget\" data-e-type=\"widget\" data-settings=\"{&quot;_animation&quot;:&quot;slideInUp&quot;}\" data-widget_type=\"heading.default\">\n\t\t\t\t<div class=\"elementor-widget-container\">\n\t\t\t\t\t<h2 class=\"elementor-heading-title elementor-size-default\">Nos interesa el medio ambiente<\/h2>\t\t\t\t<\/div>\n\t\t\t\t<\/div>\n\t\t\t\t<div class=\"elementor-element elementor-element-45494ad6 animated-slow elementor-invisible elementor-widget elementor-widget-heading\" data-id=\"45494ad6\" data-element_type=\"widget\" data-e-type=\"widget\" data-settings=\"{&quot;_animation&quot;:&quot;slideInUp&quot;}\" data-widget_type=\"heading.default\">\n\t\t\t\t<div class=\"elementor-widget-container\">\n\t\t\t\t\t<h2 class=\"elementor-heading-title elementor-size-default\">Recicla tus cajas<\/h2>\t\t\t\t<\/div>\n\t\t\t\t<\/div>\n\t\t\t\t\t<\/div>\n\t\t\t\t<\/div>\n\t\t<div class=\"elementor-element elementor-element-5b6048c1 e-flex e-con-boxed e-con e-child\" data-id=\"5b6048c1\" data-element_type=\"container\" data-e-type=\"container\">\n\t\t\t\t\t<div class=\"e-con-inner\">\n\t\t<div class=\"elementor-element elementor-element-2704a5ec e-con-full e-flex e-con e-child\" data-id=\"2704a5ec\" data-element_type=\"container\" data-e-type=\"container\">\n\t\t\t\t<div class=\"elementor-element elementor-element-11460b69 elementor-position-top elementor-widget elementor-widget-image-box\" data-id=\"11460b69\" data-element_type=\"widget\" data-e-type=\"widget\" data-widget_type=\"image-box.default\">\n\t\t\t\t<div class=\"elementor-widget-container\">\n\t\t\t\t\t<div class=\"elementor-image-box-wrapper\"><figure class=\"elementor-image-box-img\"><img decoding=\"async\" width=\"444\" height=\"394\" src=\"https:\/\/mexiempack.mx\/wp-content\/uploads\/2024\/09\/reciclaje-mexiempack.jpg\" class=\"attachment-full size-full wp-image-709\" alt=\"\" srcset=\"https:\/\/mexiempack.mx\/wp-content\/uploads\/2024\/09\/reciclaje-mexiempack.jpg 444w, https:\/\/mexiempack.mx\/wp-content\/uploads\/2024\/09\/reciclaje-mexiempack-300x266.jpg 300w\" sizes=\"(max-width: 444px) 100vw, 444px\" loading=\"lazy\" \/><\/figure><div class=\"elementor-image-box-content\"><p class=\"elementor-image-box-description\">Permite conseguir hasta 900 kilos de material reciclado<\/p><\/div><\/div>\t\t\t\t<\/div>\n\t\t\t\t<\/div>\n\t\t\t\t<\/div>\n\t\t<div class=\"elementor-element elementor-element-242d0e27 e-con-full e-flex e-con e-child\" data-id=\"242d0e27\" data-element_type=\"container\" data-e-type=\"container\">\n\t\t\t\t<div class=\"elementor-element elementor-element-857489a elementor-position-top elementor-widget elementor-widget-image-box\" data-id=\"857489a\" data-element_type=\"widget\" data-e-type=\"widget\" data-widget_type=\"image-box.default\">\n\t\t\t\t<div class=\"elementor-widget-container\">\n\t\t\t\t\t<div class=\"elementor-image-box-wrapper\"><figure class=\"elementor-image-box-img\"><img loading=\"lazy\" decoding=\"async\" width=\"444\" height=\"394\" src=\"https:\/\/mexiempack.mx\/wp-content\/uploads\/2024\/09\/petroleo-mexiempack.jpg\" class=\"attachment-full size-full wp-image-708\" alt=\"\" srcset=\"https:\/\/mexiempack.mx\/wp-content\/uploads\/2024\/09\/petroleo-mexiempack.jpg 444w, https:\/\/mexiempack.mx\/wp-content\/uploads\/2024\/09\/petroleo-mexiempack-300x266.jpg 300w\" sizes=\"(max-width: 444px) 100vw, 444px\" \/><\/figure><div class=\"elementor-image-box-content\"><p class=\"elementor-image-box-description\">Facilita ahorrar hasta 140 litros de petr\u00f3leo<\/p><\/div><\/div>\t\t\t\t<\/div>\n\t\t\t\t<\/div>\n\t\t\t\t<\/div>\n\t\t<div class=\"elementor-element elementor-element-3e45dae1 e-con-full e-flex e-con e-child\" data-id=\"3e45dae1\" data-element_type=\"container\" data-e-type=\"container\">\n\t\t\t\t<div class=\"elementor-element elementor-element-7365389e elementor-position-top elementor-widget elementor-widget-image-box\" data-id=\"7365389e\" data-element_type=\"widget\" data-e-type=\"widget\" data-widget_type=\"image-box.default\">\n\t\t\t\t<div class=\"elementor-widget-container\">\n\t\t\t\t\t<div class=\"elementor-image-box-wrapper\"><figure class=\"elementor-image-box-img\"><img loading=\"lazy\" decoding=\"async\" width=\"444\" height=\"394\" src=\"https:\/\/mexiempack.mx\/wp-content\/uploads\/2024\/09\/agua-mexiempack.jpg\" class=\"attachment-full size-full wp-image-707\" alt=\"\" srcset=\"https:\/\/mexiempack.mx\/wp-content\/uploads\/2024\/09\/agua-mexiempack.jpg 444w, https:\/\/mexiempack.mx\/wp-content\/uploads\/2024\/09\/agua-mexiempack-300x266.jpg 300w\" sizes=\"(max-width: 444px) 100vw, 444px\" \/><\/figure><div class=\"elementor-image-box-content\"><p class=\"elementor-image-box-description\">Permite ahorrar\nhasta 50,000 litros de agua<\/p><\/div><\/div>\t\t\t\t<\/div>\n\t\t\t\t<\/div>\n\t\t\t\t<\/div>\n\t\t\t\t\t<\/div>\n\t\t\t\t<\/div>\n\t\t\t\t\t<\/div>\n\t\t\t\t<\/div>\n\t\t\t\t<\/div>\n\t\t","protected":false},"excerpt":{"rendered":"<p>hacemos m\u00e1s que cajas Somos una empresa mexicana dedicada a la FABRICACI\u00d3N de CAJAS DE CART\u00d3N sin impresi\u00f3n o personalizadas, contamos con impresi\u00f3n FLEXOGRAFICA, comercializaci\u00f3n y distribuci\u00f3n de material para empaque y cajas recicladas. \u00bfPor qu\u00e9 nosotros? Nosotros te asesoramos para que encuentres el mejor dise\u00f1o con material de calidad para tu producto. Para proporcionarte [&hellip;]<\/p>\n","protected":false},"author":2,"featured_media":0,"parent":0,"menu_order":0,"comment_status":"closed","ping_status":"closed","template":"elementor_header_footer","meta":{"footnotes":""},"class_list":["post-25","page","type-page","status-publish","hentry"],"yoast_head":"<!-- This site is optimized with the Yoast SEO plugin v27.5 - https:\/\/yoast.com\/product\/yoast-seo-wordpress\/ -->\n<title>\u00bfQui\u00e9nes somos? - Mexiempack<\/title>\n<meta name=\"description\" content=\"\u00a1M\u00e1s de diez a\u00f1os en el mercado nos respaldan!. Hacemos cajas a la medida para proteger tus productos a donde quiera que los env\u00edes.\" \/>\n<meta name=\"robots\" content=\"index, follow, max-snippet:-1, max-image-preview:large, max-video-preview:-1\" \/>\n<link rel=\"canonical\" href=\"https:\/\/mexiempack.mx\/index.php\/quienes-somos\/\" \/>\n<meta property=\"og:locale\" content=\"es_ES\" \/>\n<meta property=\"og:type\" content=\"article\" \/>\n<meta property=\"og:title\" content=\"\u00bfQui\u00e9nes somos? - Mexiempack\" \/>\n<meta property=\"og:description\" content=\"\u00a1M\u00e1s de diez a\u00f1os en el mercado nos respaldan!. Hacemos cajas a la medida para proteger tus productos a donde quiera que los env\u00edes.\" \/>\n<meta property=\"og:url\" content=\"https:\/\/mexiempack.mx\/index.php\/quienes-somos\/\" \/>\n<meta property=\"og:site_name\" content=\"Mexiempack\" \/>\n<meta property=\"article:publisher\" content=\"https:\/\/www.facebook.com\/mexiempack\" \/>\n<meta property=\"article:modified_time\" content=\"2024-09-12T20:12:41+00:00\" \/>\n<meta property=\"og:image\" content=\"https:\/\/mexiempack.mx\/wp-content\/uploads\/2024\/08\/quienes-somos2.jpg\" \/>\n<meta name=\"twitter:card\" content=\"summary_large_image\" \/>\n<meta name=\"twitter:site\" content=\"@mexiempack\" \/>\n<meta name=\"twitter:label1\" content=\"Tiempo de lectura\" \/>\n\t<meta name=\"twitter:data1\" content=\"2 minutos\" \/>\n<script type=\"application\/ld+json\" class=\"yoast-schema-graph\">{\"@context\":\"https:\\\/\\\/schema.org\",\"@graph\":[{\"@type\":\"WebPage\",\"@id\":\"https:\\\/\\\/mexiempack.mx\\\/index.php\\\/quienes-somos\\\/\",\"url\":\"https:\\\/\\\/mexiempack.mx\\\/index.php\\\/quienes-somos\\\/\",\"name\":\"\u00bfQui\u00e9nes somos? - Mexiempack\",\"isPartOf\":{\"@id\":\"https:\\\/\\\/mexiempack.mx\\\/#website\"},\"primaryImageOfPage\":{\"@id\":\"https:\\\/\\\/mexiempack.mx\\\/index.php\\\/quienes-somos\\\/#primaryimage\"},\"image\":{\"@id\":\"https:\\\/\\\/mexiempack.mx\\\/index.php\\\/quienes-somos\\\/#primaryimage\"},\"thumbnailUrl\":\"https:\\\/\\\/mexiempack.mx\\\/wp-content\\\/uploads\\\/2024\\\/08\\\/quienes-somos2.jpg\",\"datePublished\":\"2024-05-07T19:01:01+00:00\",\"dateModified\":\"2024-09-12T20:12:41+00:00\",\"description\":\"\u00a1M\u00e1s de diez a\u00f1os en el mercado nos respaldan!. Hacemos cajas a la medida para proteger tus productos a donde quiera que los env\u00edes.\",\"breadcrumb\":{\"@id\":\"https:\\\/\\\/mexiempack.mx\\\/index.php\\\/quienes-somos\\\/#breadcrumb\"},\"inLanguage\":\"es\",\"potentialAction\":[{\"@type\":\"ReadAction\",\"target\":[\"https:\\\/\\\/mexiempack.mx\\\/index.php\\\/quienes-somos\\\/\"]}]},{\"@type\":\"ImageObject\",\"inLanguage\":\"es\",\"@id\":\"https:\\\/\\\/mexiempack.mx\\\/index.php\\\/quienes-somos\\\/#primaryimage\",\"url\":\"https:\\\/\\\/mexiempack.mx\\\/wp-content\\\/uploads\\\/2024\\\/08\\\/quienes-somos2.jpg\",\"contentUrl\":\"https:\\\/\\\/mexiempack.mx\\\/wp-content\\\/uploads\\\/2024\\\/08\\\/quienes-somos2.jpg\",\"width\":1764,\"height\":910},{\"@type\":\"BreadcrumbList\",\"@id\":\"https:\\\/\\\/mexiempack.mx\\\/index.php\\\/quienes-somos\\\/#breadcrumb\",\"itemListElement\":[{\"@type\":\"ListItem\",\"position\":1,\"name\":\"Portada\",\"item\":\"https:\\\/\\\/mexiempack.mx\\\/\"},{\"@type\":\"ListItem\",\"position\":2,\"name\":\"\u00bfQui\u00e9nes somos?\"}]},{\"@type\":\"WebSite\",\"@id\":\"https:\\\/\\\/mexiempack.mx\\\/#website\",\"url\":\"https:\\\/\\\/mexiempack.mx\\\/\",\"name\":\"Mexiempack\",\"description\":\"Hacemos m\u00e1s que cajas\",\"publisher\":{\"@id\":\"https:\\\/\\\/mexiempack.mx\\\/#organization\"},\"potentialAction\":[{\"@type\":\"SearchAction\",\"target\":{\"@type\":\"EntryPoint\",\"urlTemplate\":\"https:\\\/\\\/mexiempack.mx\\\/?s={search_term_string}\"},\"query-input\":{\"@type\":\"PropertyValueSpecification\",\"valueRequired\":true,\"valueName\":\"search_term_string\"}}],\"inLanguage\":\"es\"},{\"@type\":\"Organization\",\"@id\":\"https:\\\/\\\/mexiempack.mx\\\/#organization\",\"name\":\"Mexiempack\",\"url\":\"https:\\\/\\\/mexiempack.mx\\\/\",\"logo\":{\"@type\":\"ImageObject\",\"inLanguage\":\"es\",\"@id\":\"https:\\\/\\\/mexiempack.mx\\\/#\\\/schema\\\/logo\\\/image\\\/\",\"url\":\"https:\\\/\\\/mexiempack.mx\\\/wp-content\\\/uploads\\\/2024\\\/05\\\/logo-mexiempack.jpg\",\"contentUrl\":\"https:\\\/\\\/mexiempack.mx\\\/wp-content\\\/uploads\\\/2024\\\/05\\\/logo-mexiempack.jpg\",\"width\":296,\"height\":184,\"caption\":\"Mexiempack\"},\"image\":{\"@id\":\"https:\\\/\\\/mexiempack.mx\\\/#\\\/schema\\\/logo\\\/image\\\/\"},\"sameAs\":[\"https:\\\/\\\/www.facebook.com\\\/mexiempack\",\"https:\\\/\\\/x.com\\\/mexiempack\"]}]}<\/script>\n<!-- \/ Yoast SEO plugin. -->","yoast_head_json":{"title":"\u00bfQui\u00e9nes somos? - Mexiempack","description":"\u00a1M\u00e1s de diez a\u00f1os en el mercado nos respaldan!. Hacemos cajas a la medida para proteger tus productos a donde quiera que los env\u00edes.","robots":{"index":"index","follow":"follow","max-snippet":"max-snippet:-1","max-image-preview":"max-image-preview:large","max-video-preview":"max-video-preview:-1"},"canonical":"https:\/\/mexiempack.mx\/index.php\/quienes-somos\/","og_locale":"es_ES","og_type":"article","og_title":"\u00bfQui\u00e9nes somos? - Mexiempack","og_description":"\u00a1M\u00e1s de diez a\u00f1os en el mercado nos respaldan!. Hacemos cajas a la medida para proteger tus productos a donde quiera que los env\u00edes.","og_url":"https:\/\/mexiempack.mx\/index.php\/quienes-somos\/","og_site_name":"Mexiempack","article_publisher":"https:\/\/www.facebook.com\/mexiempack","article_modified_time":"2024-09-12T20:12:41+00:00","og_image":[{"url":"https:\/\/mexiempack.mx\/wp-content\/uploads\/2024\/08\/quienes-somos2.jpg","type":"","width":"","height":""}],"twitter_card":"summary_large_image","twitter_site":"@mexiempack","twitter_misc":{"Tiempo de lectura":"2 minutos"},"schema":{"@context":"https:\/\/schema.org","@graph":[{"@type":"WebPage","@id":"https:\/\/mexiempack.mx\/index.php\/quienes-somos\/","url":"https:\/\/mexiempack.mx\/index.php\/quienes-somos\/","name":"\u00bfQui\u00e9nes somos? - Mexiempack","isPartOf":{"@id":"https:\/\/mexiempack.mx\/#website"},"primaryImageOfPage":{"@id":"https:\/\/mexiempack.mx\/index.php\/quienes-somos\/#primaryimage"},"image":{"@id":"https:\/\/mexiempack.mx\/index.php\/quienes-somos\/#primaryimage"},"thumbnailUrl":"https:\/\/mexiempack.mx\/wp-content\/uploads\/2024\/08\/quienes-somos2.jpg","datePublished":"2024-05-07T19:01:01+00:00","dateModified":"2024-09-12T20:12:41+00:00","description":"\u00a1M\u00e1s de diez a\u00f1os en el mercado nos respaldan!. Hacemos cajas a la medida para proteger tus productos a donde quiera que los env\u00edes.","breadcrumb":{"@id":"https:\/\/mexiempack.mx\/index.php\/quienes-somos\/#breadcrumb"},"inLanguage":"es","potentialAction":[{"@type":"ReadAction","target":["https:\/\/mexiempack.mx\/index.php\/quienes-somos\/"]}]},{"@type":"ImageObject","inLanguage":"es","@id":"https:\/\/mexiempack.mx\/index.php\/quienes-somos\/#primaryimage","url":"https:\/\/mexiempack.mx\/wp-content\/uploads\/2024\/08\/quienes-somos2.jpg","contentUrl":"https:\/\/mexiempack.mx\/wp-content\/uploads\/2024\/08\/quienes-somos2.jpg","width":1764,"height":910},{"@type":"BreadcrumbList","@id":"https:\/\/mexiempack.mx\/index.php\/quienes-somos\/#breadcrumb","itemListElement":[{"@type":"ListItem","position":1,"name":"Portada","item":"https:\/\/mexiempack.mx\/"},{"@type":"ListItem","position":2,"name":"\u00bfQui\u00e9nes somos?"}]},{"@type":"WebSite","@id":"https:\/\/mexiempack.mx\/#website","url":"https:\/\/mexiempack.mx\/","name":"Mexiempack","description":"Hacemos m\u00e1s que cajas","publisher":{"@id":"https:\/\/mexiempack.mx\/#organization"},"potentialAction":[{"@type":"SearchAction","target":{"@type":"EntryPoint","urlTemplate":"https:\/\/mexiempack.mx\/?s={search_term_string}"},"query-input":{"@type":"PropertyValueSpecification","valueRequired":true,"valueName":"search_term_string"}}],"inLanguage":"es"},{"@type":"Organization","@id":"https:\/\/mexiempack.mx\/#organization","name":"Mexiempack","url":"https:\/\/mexiempack.mx\/","logo":{"@type":"ImageObject","inLanguage":"es","@id":"https:\/\/mexiempack.mx\/#\/schema\/logo\/image\/","url":"https:\/\/mexiempack.mx\/wp-content\/uploads\/2024\/05\/logo-mexiempack.jpg","contentUrl":"https:\/\/mexiempack.mx\/wp-content\/uploads\/2024\/05\/logo-mexiempack.jpg","width":296,"height":184,"caption":"Mexiempack"},"image":{"@id":"https:\/\/mexiempack.mx\/#\/schema\/logo\/image\/"},"sameAs":["https:\/\/www.facebook.com\/mexiempack","https:\/\/x.com\/mexiempack"]}]}},"_links":{"self":[{"href":"https:\/\/mexiempack.mx\/index.php\/wp-json\/wp\/v2\/pages\/25","targetHints":{"allow":["GET"]}}],"collection":[{"href":"https:\/\/mexiempack.mx\/index.php\/wp-json\/wp\/v2\/pages"}],"about":[{"href":"https:\/\/mexiempack.mx\/index.php\/wp-json\/wp\/v2\/types\/page"}],"author":[{"embeddable":true,"href":"https:\/\/mexiempack.mx\/index.php\/wp-json\/wp\/v2\/users\/2"}],"replies":[{"embeddable":true,"href":"https:\/\/mexiempack.mx\/index.php\/wp-json\/wp\/v2\/comments?post=25"}],"version-history":[{"count":28,"href":"https:\/\/mexiempack.mx\/index.php\/wp-json\/wp\/v2\/pages\/25\/revisions"}],"predecessor-version":[{"id":716,"href":"https:\/\/mexiempack.mx\/index.php\/wp-json\/wp\/v2\/pages\/25\/revisions\/716"}],"wp:attachment":[{"href":"https:\/\/mexiempack.mx\/index.php\/wp-json\/wp\/v2\/media?parent=25"}],"curies":[{"name":"wp","href":"https:\/\/api.w.org\/{rel}","templated":true}]}}